 (0 - (-1 + 0))?
-1
What is 2 - (1 - -2 - (0 - -6))?
5
What is -1 + 1 - (17 - 18)?
1
What is -2 + 8 - (13 - (11 - 5))?
-1
What is the value of -18 + 8 - 2 - -4?
-8
Calculate -5 + (3 - -6) + -13 + 14.
5
What is -1 + 1 + (4 - 10) + 3?
-3
What is (5 - 14) + 1 + (-1 - -9)?
0
Evaluate -17 - (0 - (17 - 7)).
-7
Evaluate 5 - (0 - (3 - 7)).
1
Calculate (-8 - -13) + 0 + -5.
0
What is the value of 11 - (-4 + 18 + -4)?
1
Evaluate 4 + 0 + (-6 - 2) - -1.
-3
Calculate 0 + 1 - (20 + -24).
5
What is 0 + -3 + 10 + -1 + -7?
-1
Calculate 0 + 2 + (5 - (-9 - -13)).
3
What is (108 - 105) + 1 + -6?
-2
What is the value of 3 - (8 + -4) - -3?
2
Evaluate 2 - (-7 - (4 - 3 - 4)).
6
(1 + -3 - 1) + (-86 - -83)
-6
Evaluate (6 - -10) + -9 + (-3 - 0).
4
Calculate 10 - (5 - (-3 - 2)).
0
Calculate 6 + -5 + (-2 - 0).
-1
What is the value of (3 + 1 - 11 - -2) + 0?
-5
What is the value of -9 - (-5 - (-3 + 3) - -1)?
-5
What is the value of 9 + -6 + 3 + -1?
5
Calculate (5 - 1) + (-7 - -2).
-1
What is -2 + 4 + 4 + -10?
-4
Calculate 1 + -5 + -2 + (-5 - -10).
-1
What is the value of 20 + -10 + -7 + 1 + -11?
-7
Calculate -10 + 1 + 5 + 0 + -2.
-6
What is 6 + -16 - (-7 + 1)?
-4
What is the value of (-3 - 1) + 4 + -8 + 4?
-4
6 + -10 + 5 - -4
5
Evaluate -6 + 2 + -3 + 5 - -5.
3
(4 - -1) + 0 - (-230 - -233)
2
What is 3 + (-4 - -5 - 2)?
2
Evaluate -1 + -6 + 0 + 1 + 1.
-5
Evaluate 2 + 14 + -5 + -3.
8
-1 + 0 + 11 + -3 + -7
0
What is 2 + (5 - (-3 - -9))?
1
Calculate 2 + 1 + -7 - (1 + -5).
0
-4 - -1 - (0 - 0)
-3
Calculate 0 + (-2 - (-2 + 3)).
-3
Calculate (0 + -3 - 4) + 2.
-5
-6 - 0 - (10 - 16 - 4)
4
Evaluate -2 - (0 + -3) - (7 - 8).
2
What is the value of -9 - 2 - (67 + -72)?
-6
Calculate -3 + 4 + 0 + -5.
-4
-8 - (-5 - (-4 + (-5 - -8)))
-4
What is 3 - ((-4 - -8) + (-3 - -1))?
1
What is (-2 - ((-1 - 4) + 3)) + 3?
3
-6 + 2 + 5 - -4
5
Evaluate 2 - (7 + -6) - 5.
-4
Evaluate 3 + -7 + 4 - 4.
-4
Calculate -1 + 0 + 97 + -88.
8
What is 4 + -5 + 3 + -2?
0
What is -8 + 3 + (2 - 1)?
-4
-5 - -1 - (0 - 2) - -3
1
What is 3 + (2 - (-2 - -3)) + -3?
1
-1 + -8 - (3 + -3 + -4)
-5
-3 + -7 + 2 + 0 + 5
-3
Evaluate (4 - -1) + -19 + (6 - -1).
-7
-2 + 1 + 1 + (5 - 5)
0
What is the value of (-12 - -24) + (0 - (2 - -2))?
8
1 + (-1 - 3) + 5
2
Evaluate -4 + -5 + 13 - (8 - 0).
-4
-2 + -4 + 10 + -2
2
Evaluate -1 + -1 + (1 - (3 + -4)).
0
3 + (13 - 16) + (-7 - -2)
-5
What is the value of -23 - -23 - ((1 - -5) + -1)?
-5
-15 + -14 + 7 + 12
-10
Calculate (8 - 2) + 1 - -1.
8
What is 0 + 3 - (2 + 6 + -5)?
0
7 - ((-2 - -4) + 1 - 1)
5
What is 1 + -1 + (2 - 7) - -4?
-1
Evaluate -3 + -7 + 16 - (1 - -1).
4
What is -1 - (-15 + 6) - 13?
-5
-2 - -2 - (-7 + (5 - -1))
1
Evaluate (4 - (-1 + 3 + -4)) + -9.
-3
What is the value of 11 - (12 - (3 - 1 - -3))?
4
16 - 9 - (5 + 2)
0
Evaluate (3 - (-2 + 0 - -6)) + 1.
0
What is the value of (6 - 2 - -5) + -7?
2
Evaluate 4 - (5 - (1 + 2)).
2
Calculate (-2 - (-1 + -7)) + -4.
2
Calculate -8 + (9 - 5) - 4.
-8
What is 0 + 1 - (-3 - -3 - -4)?
-3
What is 17 + -16 - (0 - 1)?
2
Evaluate (0 - 1) + (-1 - -3 - 4).
-3
-1 + (-1 - (4 - 4))
-2
-6 + 4 + 4 + -3
-1
8 - (13 - (9 + 0))
4
What is the value of 1 + 3 + 14 + -18 + 5?
5
Calculate -1 - (2 - (3 - (-3 + 7))).
-4
What is -2 + (19 - 6) - 17?
-6
Evaluate -3 - -7 - -6 - 15.
-5
Calculate 2 + (0 + 7 - 10) - -6.
5
4 + 7 - 6 - (3 + 3)
-1
Evaluate -3 - (-1 - (-8 + 12)).
2
Calculate 1 - (-3 - 2 - (9 + -16)).
-1
Calculate (3 - 6 - 1 - -1) + 2.
-1
(6 - 2) + (0 - 7)
-3
Evaluate 4 - (-3 + 5 + -4 + 2).
4
Calculate 6 - (-2 + -2 + 5).
5
What is the value of 9 - 11 - (0 - 5)?
3
What is the value of (0 - -1) + 2 + -13 + 8?
-2
5 - (-5 + 13) - 3
-6
Evaluate -10 + (8 - (8 + -6)).
-4
(-15 - -7) + -3 - -6
-5
3 + (4 + -1 + -3 - -5)
8
What is the value of -3 - 24 - -16 - (-5 - 1)?
-5
Evaluate (-11 - -5) + (-3 - -4).
-5
Calculate 1 + (-1 - 0) - (112 + -116).
4
-6 + (8 + -4 - (1 + -12))
9
What is the value of (-1 - 11) + (-177 - -195)?
6
-1 - (-2 + (-3 - (-3 + 0)))
1
Evaluate -5 + -3 - (-2 + -1).
-5
What is the value of 3 + -1 + 1 + 1 + -7?
-3
Evaluate -7 - (10 + -17) - -6.
6
Evaluate (3 - (-3 + 8 - 3)) + -3.
-2
Calculate -5 + (2 - 3) - -9.
3
What is the value of -1 - (1 - (5 - 6 - 1))?
-4
Calculate (14 - 18) + (5 - 1).
0
-5 - -7 - (-1 - (-4 - 1))
-2
Calculate 2 - (3 + 3 + -1 + -3).
0
4 - (14 + -3) - -1
-6
Calculate (-4 + 5 - 2 - -2) + 3.
4
Evaluate -3 + (3 - (-2 - (-2 - -1))).
1
Calculate 0 + -1 - ((0 - 10) + 5).
4
What is the value of 17 + -23 - (3 - (4 - 1))?
-6
Calculate (2 - 3) + 9 + -5.
3
Evaluate -36 + 45 - (2 - 1 - -5).
3
Evaluate 5 - (-3 + (2 - -6) + -2).
2
What is the value of (15 + -7 - 12) + 0?
-4
Calculate -17 - (5 + (-1 - 12)).
-9
Calculate 0 - 1 - (2 + -5).
2
Calculate -3 + -1 - (-19 - -26).
-11
(0 - 5) + 5 + -9 + 9
0
Calculate (1 - -1) + -4 + 0.
-2
What is the value of -2 + 8 - (-2 - -2 - -1)?
5
What is the value of 0 + (-2 - (-4 - -2)) + 4?
4
What is the value of 1 - (-1 + (-1 - (-5 + 8)))?
6
-3 - (-1 + -6 + 0)
4
Calculate -7 + 4 + (3 - -3).
3
What is -1 - (2 - (1 + 6))?
4
(5 - 1) + 2 - (-129 + 129)
6
Calculate -3 + 1 - (9 - 7) - 3.
-7
Calculate 1 + (-6 - (-2 - (-2 + 1))).
-4
Evaluate 1 + (2 - (6 - 3)).
0
What is the value of 6 + 0 + (-11 - -6)?
1
What is the value of 1 - 2 - (-3 + 1 + -4)?
5
Calculate 5 + -3 + (-3 - (9 - 0)).
-10
What is (1 - (1 - -3)) + 8?
5
What is the value of (-10 - -1) + (32 + -2 - 23)?
-2
Calculate -2 - ((6 - 16) + 1).
7
Evaluate -15 + (-12 - -21 - -1).
-5
Evaluate -4 - 2 - -1 - -6.
1
Calculate 9 + -12 + (0 - -2).
-1
What is -1 + (-3 - -1) + -8 + 16?
5
What is (-9 - -11) + 2 - 8?
-4
What is -3 + 1 - (-1 - 2) - -2?
3
Evaluate -11 + 30 + -12 - (2 + 0).
5
Evaluate 2 + 19 + -10 - 6.
5
What is the value of -1 - 2 - (-108 + 100)?
5
What is the value of (2 - (6 + 4)) + 4 - -2?
-2
3 + (-2 + -1 - (-5 - -4))
1
Calculate -41 + 33 + -2 + 15.
5
What is 11 + (-6 - 5) + 5?
5
What is the value of -227 - -230 - ((-1 - 0) + 4)?
0
What is the value of -6 + 1 + 6 + 8?
9
Evaluate -1 + -7 - (-3 - 17 - -19).
-7
What is the value of -7 - (3 + 1) - -2?
-9
Evaluate (-2 - (9 - 6) - -2) + -3.
-6
-8 - (5 + -2 - 16)
5
-5 + 3 + -2 + (-6 - -10)
0
What is the value of 4 + -2 + 3 - 2?
3
What is the value of 3 - (11 - (8 - 0) - 7)?
7
What is the value of 22 - 23 - (2 - -1)?
-4
What is -8 + 2 - (7 + -10) - -3?
0
Calculate -5 + -4 + 8 + -2.
-3
Evaluate -61 + 52 - (1 - 13).
3
What is 5 + 0 + -5 + 3 - -2?
5
What is (-7 - -14) + -13 + 6?
0
13 + (-3 - 9) + 4
5
What is 1 - (-6 - (-8 + 3))?
2
Calculate 3 + 4 + -10 + 2.
-1
Evaluate -126 - -124 - (0 + -2 + 0).
0
What is the value of 6 + (-5 - -8) + -9?
0
Evaluate (-4 - -7) + (-1 - -1) + -2.
1
Calculate -8 + 14 - (13 + -5).
-2
What is the value of 3 - (2 + (-6 - 0 - -2))?
5
Calculate (1 - 5) + -1 - (0 + -11).
6
What is the value of (2 + 1 - 4) + (0 - 0)?
-1
Evaluate 8 + -12 - (-1 - -2).
-5
What is the value of -13 + (0 - -4) - -9?
0
Evaluate 3 + 9 + -6 + -1 + -2.
3
Calculate 4 + -8 + (-7 - -19).
8
What is (4 - (-11 + 0)) + -10?
5
Evaluate -1 - (-1 + -3) - (-11 - -23).
-9
-5 + 2 + 2 + -4
-5
What is the value of (7 + -3 - 8) + 1?
-3
Evaluate (0 - -3) + -8 + 9 + -6.
-2
What is the value of 4 + (7 - (3 - -4)) + 4?
8
4 - 6 - 4 - -11
5
22 + -33 + (-3 - -8)
-6
What is the value of -1 + -3 + (6 - 4)?
-2
Calculate 2 + -2 - (-2 + 1).
1
Calculate 2 + 3 + -25 + 25.
5
Calculate (-4 - -13) + -7 - (2 - -1).
-1
Calculate -8 + 3 - -1 - (-6 + 3).
-1
Evaluate (8 - -2) + 24 + -27.
7
What is the value of (-13 - (-5 - 0)) + 6 + 6?
4
Evaluate 16 + -14 + 7 + 5 - 7.
7
What is 2 + (1 - (-6 - -3 - -4))?
2
Calculate -10 + (2 + -2 - -1) + 3.
-6
What is (-13 - -10) + (1 - -3)?
1
What is -2 - (-4 + 2 + -2)?
2
What is the value of 0 + (-2 + 4 - 5)?
-3
What is the value of 7 - 4 - (-3 + -2 + 7)?
1
Evaluate (2 - 1) + -6 + (-1 - -2).
-4
-2 + (1 - 4) + 0 + 0
-5
(-11 - -11) + (-1 - 0)
-1
Evaluate (0 - -3) + 85 + -94.
-6
Calculate 1 + (-2 - 12) - (9 - 13).
-9
-8 + (5 + -6 - -4) - -4
-1
Evaluate 0 + -3 + (-1 - 0).
-4
Calculate (5 - 2) + -3 + 2.
2
What is the value of -5 + -2 + (6 - 1)?
-2
-2 - -3 - (1 - 2)
2
Calculate -8 + 9 + (-1 - 3).
-3
10 + (8 - (-1 - -3) - 5)
11
What is the value of -5 - (-7 + -1 + 6)?
-3
-2 + 4 - 1 - (4 + -2)
-1
Evaluate -26 + 19 - (-3 - (3 + 0)).
-1
What is the value of 11 - (13 + -9) - 13?
-6
Evaluate -2 - ((-2 - 0) + 2).
-2
19 + -17 + 1 + -5
-2
Calculate 6 +